ime factors of i.
3
Let l = 7 + -5. Suppose l*s + 390 = -3*s. Let p = 132 + s. What are the prime factors of p?
2, 3
Let x(i) be the first derivative of -i**3/3 + 5*i**2/2 - 2*i + 4. Let l be x(2). Suppose 0 = -4*u - l + 16. What are the prime factors of u?
3
Let n be (304/20)/(1/10). Suppose 2 = o, 4*r = -2*o + 112 + n. What are the prime factors of r?
5, 13
Let b = -7 + -2. What are the prime factors of (-84)/5*(-14 - b)?
2, 3, 7
Suppose 29*k - 25*k + 52 = 0. Let j(s) = 38*s + 1. Let u be j(-1). Let w = k - u. List the prime factors of w.
2, 3
Let n(v) = -2*v**3 + 10*v**2 - 12. Let c(b) = -5*b**3 + 21*b**2 - 25. Let l(p) = -3*c(p) + 7*n(p). What are the prime factors of l(-6)?
3
Let c(g) = g**3 + 5*g**2 + 4*g - 1. Let p be c(-4). Let j = p + 86. List the prime factors of j.
5, 17
Let n = -21 - -24. Suppose 14 + 30 = i - 2*x, -i + n*x = -47. What are the prime factors of i?
2, 19
Let b(v) be the third derivative of v**5/60 - 7*v**4/24 - v**3/3 + v**2. Let m be b(4). Let q = -5 - m. What are the prime factors of q?
3
Let q(z) = -z**3 + z**2 - z + 1. Let a be q(1). Let l be a/(4/(-7 + 3)). Suppose -4*p + 4*g + 28 = l, -3*p - 2*g = 2*p - 42. List the prime factors of p.
2
Let y(f) = 8*f + 7. Let w = 34 + -28. What are the prime factors of y(w)?
5, 11
Let d(n) = 7*n + 6. Let s be (4 + -1)*-1 + 8. Let q(g) = 1. Let z(y) = s*q(y) - d(y). List the prime factors of z(-2).
13
Suppose -27*d = -28*d + 962. What are the prime factors of d?
2, 13, 37
Suppose 1422 = 5*k - 203. Suppose 3*v + 140 = 2*t, -4*t - 5*v + k = 67. List the prime factors of t.
67
Let m(y) be the second derivative of -y**3/2 + 2*y**2 - 8*y. List the prime factors of m(-2).
2, 5
Suppose -4*f = -q - 504, -5*q + 51 = -2*f + 321. List the prime factors of -4 + (f + -1 - 3).
3, 13
Let p(r) = 90*r**2 - 18*r - 24. List the prime factors of p(-2).
2, 3, 31
Let z = 98 - 105. Let u(s) = -s**3 - 6*s**2 - 25*s - 1. List the prime factors of u(z).
223
Let o = 18 + -18. Suppose o*l - 460 = 5*l. Let c = l + 138. List the prime factors of c.
2, 23
What are the prime factors of (1 - 1) + 938 - (93 - 94)?
3, 313
Let p be (-81)/(-18)*(-8)/(-6). Suppose -4 = 2*i - p*i. Suppose -i + 3 = o. List the prime factors of o.
2
Let v = -70 - -224. Suppose 2*z - 8 = v. List the prime factors of z.
3
Suppose -3*z = 6*z. Suppose 0 = 3*t + y - 28, 3*t + 0*t + 5*y - 20 = z. What are the prime factors of t?
2, 5
Let n = 227 + 226. What are the prime factors of n?
3, 151
Suppose 7*h + 628 = -135. Let v = h + 182. List the prime factors of v.
73
Let f(i) = -i**3 + 17*i**2 - 10*i - 22. Let n be f(16). Suppose 0 = 5*u + 4*j - 348, 2*j - n = -u - 2. What are the prime factors of u?
2, 17
Let t = -1810 + 2609. What are the prime factors of t?
17, 47
Let q be -1 - 0 - (2 + -5). Let f(h) = -2*h**2 - h + 2. Let i be f(q). Let y = 7 - i. What are the prime factors of y?
3, 5
Suppose 0 = n - 5*n + 2*v + 30, 0 = -5*n - 4*v + 57. Let q = 18 - n. What are the prime factors of q?
3
Let v = 14 + -9. Let g(q) = -q + 18 + 10*q - v. List the prime factors of g(6).
67
Suppose -2*r = -6*r - 4*y - 1044, r = -2*y - 259. Let z = r - -409. List the prime factors of z.
2, 73
Let v be (488/20)/((-4)/20). Let x = v - -181. What are the prime factors of x?
59
Let g(w) be the third derivative of w**4/6 - 19*w**3/6 - 3*w**2. What are the prime factors of g(10)?
3, 7
Let i(z) = 25*z + 2. Suppose -4*h + 13 = 5. What are the prime factors of i(h)?
2, 13
Let v = 1 + 24. Suppose z = -21 + v. List the prime factors of z.
2
Suppose 0 = 4*k - 35 - 77. Let a = -219 + 222. Suppose -k = -a*u - u. What are the prime factors of u?
7
Let l be ((-2)/(-8))/(1/8). Suppose 0 = -3*y - 0*y + 12. Suppose -3*g + 294 = l*g + p, -274 = -5*g + y*p. List the prime factors of g.
2, 29
Let q be 106/12 + 21/126. Suppose 24 = h + 3*u, -2*h + q*u + 59 = 4*u. What are the prime factors of h?
3
Let n = -10 + 11. List the prime factors of 23/(3*n/3).
23
Let d(n) = n - 6. Let g be d(6). Suppose -q + 7*q - 72 = g. What are the prime factors of q?
2, 3
Let c = 18 + -15. Let k(u) = c + 3*u - 6 - 6 - u. What are the prime factors of k(7)?
5
Let g(q) = -q**3 - 10*q**2 + 3*q - 12. Let m be g(-10). List the prime factors of -9 - m - (1 - -1).
31
Let n(o) = -o**3 + 12*o**2 + 4*o - 18. What are the prime factors of n(6)?
2, 3, 37
What are the prime factors of 180 + (-8 - -33)/(-5)?
5, 7
Suppose 0 = -0*v + v - 2. Suppose -3*p = -v*p. Suppose 0 = -2*d - p*d + 40. What are the prime factors of d?
2, 5
Let c = 8 + 7. What are the prime factors of ((-6)/(-4))/(c/50)?
5
Let r be -2 + (-3 - 1/(-1)). Let v be 0/(0 + 2 + r). What are the prime factors of v - (-9)/3 - 1?
2
Let s be 38*1*2/4. What are the prime factors of (s/(-38))/(2/(-20))?
5
Suppose -2*w + 2*c + 636 = 62, -4*w + 5*c = -1153. What are the prime factors of w?
2, 3, 47
Let z(o) = 12*o**2 - 30*o - 15. List the prime factors of z(14).
3, 71
Let g(x) = 2*x**2 - 19*x + 13. Suppose -3*d - 70 = -5*i, -3*i + 2*d = 3*d - 28. List the prime factors of g(i).
2, 23
Let j(q) = 20*q + 127. What are the prime factors of j(39)?
907
Let q(k) = -k**3 - 3*k**2 + 8*k - 7. Let l be q(-5). Suppose 0 = -h - 3, -l*h + 7*h = -5*d + 448. List the prime factors of d.
2, 23
Suppose 4*n - 4*h + 9*h = 30, -2*n - 3*h = -16. Suppose 5*u = -b + n, -3 = u - 4*u. Suppose b = -4*x + 85 - 17. What are the prime factors of x?
17
Let p = 596 - 410. What are the prime factors of p?
2, 3, 31
Let o = -16 - -21. Suppose -6*d = -o*d - 39. List the prime factors of d.
3, 13
Let f = 1347 + -909. What are the prime factors of f?
2, 3, 73
Suppose -3*g + 2*g + 307 = 0. Suppose -5*o + 5*m + 3 = -g, -5*m + 230 = 4*o. Suppose -h = -3*h + o. What are the prime factors of h?
2, 3, 5
Suppose 34*z + 4 = 32*z. Let r = 1 - 0. What are the prime factors of r - 7/(z/2)?
2
Let z = -5 - -1. Let p = z - -41. Let y = p - 5. What are the prime factors of y?
2
Let v = -6 - -10. Suppose 4*t + g = v - 3, 3*g = -5*t + 3. Suppose -c - c + 46 = t. List the prime factors of c.
23
Let d(m) = m**2 + 5*m - 26. What are the prime factors of d(-31)?
2, 3, 5, 13
Suppose -2*l - 6 = -0*l. Let k = 9 + l. Suppose -5*i = -i + 3*c - 99, -3*c - k = -i. List the prime factors of i.
3, 7
Let g(j) = 463*j + 78. What are the prime factors of g(4)?
2, 5, 193
Let x(v) = 5*v**3 - 45*v**2 - 17*v + 53. Let j(q) = -q**3 + 11*q**2 + 4*q - 13. Let y(f) = 9*j(f) + 2*x(f). List the prime factors of y(-6).
5, 17
Let c be -1 + -1 + 9 + -3. Suppose c*y + 44 = -2*r - 328, y = -2*r - 99. What are the prime factors of 1/(-3 + y/(-30))?
2, 3, 5
Let n = -67 + 172. Suppose 0 = -5*w + u + n, -3*w + 0*u = u - 55. Suppose w = -t + 3*t. What are the prime factors of t?
2, 5
Let j = -33 - -83. What are the prime factors of j?
2, 5
Let t be (46/(2 - 3))/(-2). Suppose k + t - 118 = 0. What are the prime factors of k?
5, 19
Let w(s) = -29*s + 17. What are the prime factors of w(-7)?
2, 5, 11
Suppose 2*i - 6*i = -32. Suppose -12 = -12*u + i*u. Suppose v - 124 = -u*v. List the prime factors of v.
31
Let z(g) = g**3 - 11*g**2 + 10*g + 3. Let h be z(10). Let j(k) = -2*k + 7. Let b be j(h). What are the prime factors of 12 - (-3 + 1 + b)?
13
Let v(s) = 2 - 7 - 8*s + 3 - 8. Let i = 18 + -25. List the prime factors of v(i).
2, 23
Suppose -7*k - 878 = -3083. Suppose 2*z + 3*z - k = -5*p, -4*z + 5*p + 225 = 0. List the prime factors of z.
2, 3, 5
What are the prime factors of 2/(42/2595) + (-12)/21?
3, 41
Let y(r) = -2*r**2 - 13*r - 6. Let g be y(-6). Suppose 485 = -g*l + 5*l + 5*x, -l = -3*x - 93. List the prime factors of l.
2, 3
Let c be (-3 - 21/(-9))*45. Let d be 3/(-18) + (-185)/c. Suppose 2*y - d*y = -68. List the prime factors of y.
17
Let q be (67 - -1)*(-2)/(-4). Let i = 18 - q. Let u = i - -18. List the prime factors of u.
2
Let h be 3 + -1 + -4 - -26. Suppose l = 6*p - 2*p - h, p - 2*l - 13 = 0. Suppose 0 = 3*n - 5*c - 121, 5*n + p*c = 60 + 195. List the prime factors of n.
47
Let u = -867 + 1577. What are the prime factors of u?
2, 5, 71
Suppose 2*h = -2*q - 0*q + 20, 0 = 3*q + 2*h - 33. Suppose 33 - q = 4*a. Suppose -52 = -a*o + 3*x + 6, 4*o - 60 = -x. List the prime factors of o.
2, 7
Suppose -a + 8 = -0*a. Let o be ((-10)/a)/((-2)/56). Suppose -5*m - 5*q = -o, 0*q = -4*m + q + 3. List the prime factors of m.
2
Suppose -4*m + 14 = -3*m. 